{"id":159,"date":"2019-10-07T12:25:44","date_gmt":"2019-10-07T12:25:44","guid":{"rendered":"http:\/\/kirkkonummenpalvelukeskus.fi\/swe\/?page_id=159"},"modified":"2025-06-12T07:21:33","modified_gmt":"2025-06-12T07:21:33","slug":"reservering-av-utrymmen","status":"publish","type":"page","link":"https:\/\/kirkkonummenpalvelukeskus.fi\/swe\/reservering-av-utrymmen\/","title":{"rendered":"Reservering av utrymmen"},"content":{"rendered":"<h2>Reservering av utrymmen i Servicecentralen<\/h2>\n<p>Kyrksl\u00e4tts kommun erbjuder gratis m\u00f6tesutrymmen i Servicecentralen f\u00f6r f\u00f6reningar i Kyrksl\u00e4tt.<br \/>\nF\u00f6rfr\u00e5gningar och reserveringar p\u00e5 e-post <a class=\"emaillink\" href=\"mailto:info@kpks.fi\">info@kpks.fi<\/a><\/p>\n<p>I samband med e-post reservering, meddela f\u00f6ljande:<br \/>\n\u2013 Vilket rum ni \u00f6nskar reservera<br \/>\n\u2013 Datum<br \/>\n\u2013 Klockslag d\u00e5 reserveringen b\u00f6rjar och slutar<br \/>\n\u2013 Kontaktuppgifter till kontaktperson<\/p>\n<p><strong>F\u00f6ljande utrymmen kan reserveras:<\/strong><br \/>\nMatsalen: (80-120 personer). Kan reserveras varje dag kl. 13:30-22:00<br \/>\nAkvariet: (10-25 personer). Kan reserveras varje dag kl. 8:00 \u2013 22:00<br \/>\nKabinettet: (10-15 personer). Kan reserveras varje dag kl. 8:00 \u2013 22:00<\/p>\n<p><strong>F\u00f6retag och privatpersoner betalar f\u00f6r\u00e4nlig hyra:<\/strong><br \/>\nMatsalen: 93\u20ac (75\u20ac + ALV 24%)<br \/>\nAkvariet: 43,40\u20ac (35\u20ac + ALV 24%)<br \/>\nKabinettet: 24,80\u20ac (20\u20ac + ALV 24%)<\/p>\n<p><strong>Catering:<\/strong><br \/>\nF\u00f6rfr\u00e5gningar och best\u00e4llning rakt fr\u00e5n Servicecentralets k\u00f6k:<br \/>\n<span class=\"phoneno\">050 4137457<\/span><br \/>\n<a class=\"emaillink\" href=\"mailto:palvelukeskus.keittio@kirkkonummi.fi\">palvelukeskus.keittio@kirkkonummi.fi<\/a><\/p>\n<p><strong>Gymnastiksal<\/strong><br \/>\nServicecentralens gymnastiksal kan hyras till priset 38,50\u20ac\/h (35\u20ac + ALV 10%)<br \/>\nSalens m\u00e5tt \u00e4r 10m x 7m. H\u00f6jd ca 3-4 m.<\/p>\n<p><strong>Konditionssal<\/strong><br \/>\nKonditionssalen kan hyras till priset 82,50\u20ac\/h (75\u20ac + ALV 10%)<br \/>\nF\u00f6rfr\u00e5gningar av gymnastik- och konditionssal:<a class=\"emaillink\" href=\"mailto:info@kpks.fi\"> info@kpks.fi<\/a><\/p>\n","protected":false},"excerpt":{"rendered":"<p>Reservering av utrymmen i Servicecentralen Kyrksl\u00e4tts kommun erbjuder gratis m\u00f6tesutrymmen i Servicecentralen f\u00f6r f\u00f6reningar i Kyrksl\u00e4tt. F\u00f6rfr\u00e5gningar och reserveringar p\u00e5 e-post info@kpks.fi I samband med e-post reservering, meddela f\u00f6ljande: \u2013 Vilket rum ni \u00f6nskar reservera \u2013 Datum \u2013 Klockslag d\u00e5 reserveringen b\u00f6rjar och slutar \u2013 Kontaktuppgifter till kontaktperson F\u00f6ljande utrymmen kan reserveras: Matsalen: (80-120 personer). [&hellip;]<\/p>\n","protected":false},"author":3,"featured_media":0,"parent":0,"menu_order":0,"comment_status":"closed","ping_status":"closed","template":"side-content-page-2.php","meta":{"footnotes":""},"class_list":["post-159","page","type-page","status-publish","hentry"],"_links":{"self":[{"href":"https:\/\/kirkkonummenpalvelukeskus.fi\/swe\/wp-json\/wp\/v2\/pages\/159","targetHints":{"allow":["GET"]}}],"collection":[{"href":"https:\/\/kirkkonummenpalvelukeskus.fi\/swe\/wp-json\/wp\/v2\/pages"}],"about":[{"href":"https:\/\/kirkkonummenpalvelukeskus.fi\/swe\/wp-json\/wp\/v2\/types\/page"}],"author":[{"embeddable":true,"href":"https:\/\/kirkkonummenpalvelukeskus.fi\/swe\/wp-json\/wp\/v2\/users\/3"}],"replies":[{"embeddable":true,"href":"https:\/\/kirkkonummenpalvelukeskus.fi\/swe\/wp-json\/wp\/v2\/comments?post=159"}],"version-history":[{"count":6,"href":"https:\/\/kirkkonummenpalvelukeskus.fi\/swe\/wp-json\/wp\/v2\/pages\/159\/revisions"}],"predecessor-version":[{"id":1187,"href":"https:\/\/kirkkonummenpalvelukeskus.fi\/swe\/wp-json\/wp\/v2\/pages\/159\/revisions\/1187"}],"wp:attachment":[{"href":"https:\/\/kirkkonummenpalvelukeskus.fi\/swe\/wp-json\/wp\/v2\/media?parent=159"}],"curies":[{"name":"wp","href":"https:\/\/api.w.org\/{rel}","templated":true}]}}